of 239688?
8
What is the hundreds digit of 19929541?
5
What is the units digit of 180097?
7
What is the tens digit of 224256?
5
What is the tens digit of 23674?
7
What is the hundreds digit of 3174094?
0
What is the units digit of 6505004?
4
What is the thousands digit of 325071?
5
What is the tens digit of 11261478?
7
What is the ten thousands digit of 78150?
7
What is the thousands digit of 1509144?
9
What is the tens digit of 1317634?
3
What is the hundreds digit of 431325?
3
What is the ten thousands digit of 103272?
0
What is the hundred thousands digit of 151448?
1
What is the thousands digit of 1596898?
6
What is the tens digit of 6938830?
3
What is the hundreds digit of 782497?
4
What is the tens digit of 26800611?
1
What is the hundreds digit of 420669?
6
What is the hundred thousands digit of 115298?
1
What is the thousands digit of 39557010?
7
What is the millions digit of 10035233?
0
What is the tens digit of 294947?
4
What is the ten thousands digit of 195636?
9
What is the hundreds digit of 790833?
8
What is the units digit of 9344388?
8
What is the hundred thousands digit of 104675?
1
What is the units digit of 114621?
1
What is the units digit of 2238407?
7
What is the tens digit of 412112?
1
What is the millions digit of 1517782?
1
What is the ten thousands digit of 86054?
8
What is the units digit of 2476369?
9
What is the thousands digit of 181121?
1
What is the hundred thousands digit of 310706?
3
What is the ten thousands digit of 677783?
7
What is the tens digit of 100605?
0
What is the hundred thousands digit of 5711275?
7
What is the thousands digit of 1996169?
6
What is the hundred thousands digit of 197027?
1
What is the hundreds digit of 517247?
2
What is the units digit of 776154?
4
What is the hundreds digit of 6652857?
8
What is the ten thousands digit of 7049474?
4
What is the tens digit of 11357157?
5
What is the tens digit of 140028?
2
What is the hundreds digit of 249008?
0
What is the hundreds digit of 31809?
8
What is the ten thousands digit of 452555?
5
What is the hundreds digit of 1357812?
8
What is the hundreds digit of 18990?
9
What is the hundreds digit of 300407?
4
What is the millions digit of 26784240?
6
What is the units digit of 5257387?
7
What is the tens digit of 527608?
0
What is the tens digit of 729876?
7
What is the hundreds digit of 469317?
3
What is the millions digit of 1269732?
1
What is the units digit of 8473785?
5
What is the thousands digit of 16603798?
3
What is the hundreds digit of 4545080?
0
What is the hundreds digit of 9662185?
1
What is the hundred thousands digit of 9381501?
3
What is the ten thousands digit of 1372098?
7
What is the hundred thousands digit of 20872803?
8
What is the thousands digit of 894697?
4
What is the millions digit of 22797202?
2
What is the hundreds digit of 728218?
2
What is the units digit of 266946?
6
What is the thousands digit of 1854993?
4
What is the hundred thousands digit of 8886118?
8
What is the units digit of 17482515?
5
What is the hundreds digit of 2039346?
3
What is the tens digit of 1777291?
9
What is the thousands digit of 2399282?
9
What is the ten thousands digit of 6973376?
7
What is the tens digit of 617581?
8
What is the hundreds digit of 999205?
2
What is the thousands digit of 2925094?
5
What is the thousands digit of 622669?
2
What is the millions digit of 4612152?
4
What is the hundred thousands digit of 593529?
5
What is the millions digit of 2136513?
2
What is the units digit of 1839492?
2
What is the thousands digit of 1656997?
6
What is the units digit of 83331?
1
What is the thousands digit of 5510537?
0
What is the thousands digit of 2378633?
8
What is the tens digit of 2368628?
2
What is the thousands digit of 885223?
5
What is the ten thousands digit of 807108?
0
What is the units digit of 448801?
1
What is the hundreds digit of 11937528?
5
What is the thousands digit of 261105?
1
What is the millions digit of 5421279?
5
What is the hundreds digit of 787226?
2
What is the hundreds digit of 6725981?
9
What is the ten thousands digit of 7786083?
8
What is the hundred thousands digit of 937906?
9
What is the ten thousands digit of 762994?
6
What is the thousands digit of 2012676?
2
What is the thousands digit of 3703704?
3
What is the ten thousands digit of 3814733?
1
What is the millions digit of 2740825?
2
What is the ten thousands digit of 1163216?
6
What is the tens digit of 5742195?
9
What is the tens digit of 1131203?
0
What is the thousands digit of 1347078?
7
What is the millions digit of 1405630?
1
What is the thousands digit of 6484447?
4
What is the units digit of 1071679?
9
What is the ten thousands digit of 14721040?
2
What is the tens digit of 343820?
2
What is the millions digit of 2251810?
2
What is the hundreds digit of 606543?
5
What is the millions digit of 1120169?
1
What is the ten thousands digit of 151078?
5
What is the hundred thousands digit of 559321?
5
What is the hundreds digit of 5608537?
5
What is the hundreds digit of 2473199?
1
What is the tens digit of 244642?
4
What is the tens digit of 197915?
1
What is the thousands digit of 4834589?
4
What is the hundreds digit of 9023977?
9
What is the tens digit of 320480?
8
What is the units digit of 1169360?
0
What is the ten thousands digit of 440426?
4
What is the units digit of 774327?
7
What is the tens digit of 1446603?
0
What is the hundred thousands digit of 2260239?
2
What is the tens digit of 4799176?
7
What is the tens digit of 4018617?
1
What is the thousands digit of 20309528?
9
What is the ten thousands digit of 187497?
8
What is the hundred thousands digit of 37938553?
9
What is the units digit of 56342?
2
What is the ten thousands digit of 2551577?
5
What is the tens digit of 41367?
6
What is the thousands digit of 329247?
9
What is the hundreds digit of 2730897?
8
What is the thousands digit of 274603?
4
What is the tens digit of 369744?
4
What is the hundreds digit of 5533128?
1
What is the tens digit of 11457552?
5
What is the tens digit of 1607926?
2
What is the units digit of 2975754?
4
What is the hundreds digit of 1968285?
2
What is the ten thousands digit of 1981593?
8
What is the thousands digit of 11960247?
0
What is the hundreds digit of 37690125?
1
What is the tens digit of 1921815?
1
What is the hundreds digit of 644228?
2
What is the tens digit of 6039861?
6
What is the ten thousands digit of 731843?
3
What is the hundred thousands digit of 570010?
5
What is the ten thousands digit of 8050355?
5
What is the thousands digit of 1117393?
7
What is the tens digit of 7177067?
6
What is the hundreds digit of 6503006?
0
What is the hundreds digit of 1888670?
6
What is the ten thousands digit of 2747476?
4
What is the millions digit of 6657988?
6
What is the hundreds digit of 9593744?
7
What is the tens digit of 5947108?
0
What is the tens digit of 680805?
0
What is the millions digit of 5634847?
5
What is the thousands digit of 72852?
2
What is the hundred thousands digit of 155099?
1
What is the millions digit of 19993139?
9
What is the tens digit of 12161034?
3
What is the tens digit of 1075473?
7
What is the units digit of 183173?
3
What is the units digit of 1332602?
2
What is the tens digit of 4040870?
7
What is the thousands digit of 157062?
7
What is the hundreds digit of 111561?
5
What is the hundred thousands digit of 5860394?
8
What is the ten thousands digit of 2357464?
5
What is the hundreds digit of 363349?
3
What is the thousands digit of 32861?
2
What is the tens digit of 23563328?
2
What is the hundred thousands digit of 177956?
1
What is the hundreds digit of 120337?
3
What is the hundred thousands digit of 1855359?
8
What is the ten thousands digit of 322505?
2
What is the tens digit of 6978415?
1
What is the units digit of 90707?
7
What is the tens digit of 159083?
8
What is the millions digit of 4263134?
4
What is the tens digit of 572748?
4
What is the hundreds digit of 6164970?
9
What is the tens digit of 138754?
5
What is the hundreds digit of 371956?
9
What is the millions digit of 3027937?
3
What is the hundreds digit of 540202?
2
What is the hundred thousands digit of 269395?
2
What is the hundred thousands digit of 3355284?
3
What is the hundreds digit of 20183705?
7
What is the millions digit 